rs of c.
3, 5
What are the prime factors of 5/2*6264/60?
3, 29
Suppose -100 = -3*x + x. Suppose -6*v + 2*f + x = -2*v, -45 = -3*v - f. What are the prime factors of v?
2, 7
List the prime factors of 6*(112/3)/7.
2
Let m = -97 - -106. List the prime factors of m.
3
Suppose s = c - 57, -2*s + 1 = 5*c - 298. Suppose -3*w - 17 + c = 2*t, -w - 122 = -5*t. List the prime factors of t.
2, 3
Let a(i) = -i**2 + 13*i - 5. Let m = -12 - -24. List the prime factors of a(m).
7
Let q = -340 - -667. What are the prime factors of q?
3, 109
Let z = -4 - -12. Let o = 11 - z. List the prime factors of o.
3
Let d(a) = 2*a - 16. List the prime factors of d(11).
2, 3
Let c = 8 + -10. List the prime factors of 3/6*-13*c.
13
Let g(n) be the first derivative of -4*n**3/3 - n**2/2 - n + 2. Let z(b) be the first derivative of g(b). List the prime factors of z(-1).
7
List the prime factors of -6*2/4 + 47.
2, 11
Let i(s) be the third derivative of -s**6/120 - s**5/12 - 3*s**4/8 - 5*s**3/3 + 2*s**2. What are the prime factors of i(-5)?
5, 7
Let p(k) = -k**3 + 17*k**2 + 40*k - 6. Let x be p(19). Let l(g) = 83*g**2 - g - 1. Let t be l(-1). Suppose x = 5*d - t. What are the prime factors of d?
23
Let y be (-32)/2*(-66)/12. Suppose -4*v = -0*v - y. List the prime factors of v.
2, 11
List the prime factors of -4*(3750/(-24))/5.
5
Let v = 1 - 3. Let o = 1 - v. Suppose -o*l = -h + l + 7, 0 = -4*h + 3*l + 41. List the prime factors of h.
11
Let a(u) = 42*u - 63. What are the prime factors of a(10)?
3, 7, 17
Suppose 0 = 2*c - 4*c + 4. Suppose -c*x = -0*x + 10. List the prime factors of (24/15)/(-1)*x.
2
Let p(h) = h - 1. Let u be p(1). Suppose 0 = -y + 2*q - 20, 0 = -2*q - u + 8. List the prime factors of (-122)/(-12) + 2/y.
2, 5
Suppose -7*m = -2*m - 170. List the prime factors of m.
2, 17
Let u = 79 + -8. What are the prime factors of u?
71
List the prime factors of (-18 + 13)*1*-6.
2, 3, 5
Let q(g) = -20*g**3 - g**2 + g + 2. List the prime factors of q(-1).
2, 5
Suppose -25 = 3*d + 5. Suppose -34 = 3*a - 4*w, -2*a - w = -6*a - 41. List the prime factors of (-2)/d + (-78)/a.
2
Let c be (-3 - (2 + -1))*1. List the prime factors of (-76)/(-18) - c/(-18).
2
Suppose -5*b - 799 = -8*b + d, 5*d = 3*b - 803. What are the prime factors of b?
2, 7, 19
Let z(t) = 4*t - 19. List the prime factors of z(15).
41
Let r = 94 + 10. List the prime factors of r.
2, 13
Suppose -3*x + 10 + 2 = 0. Suppose -i = 2*q - 72, 4*q - x*i = -0*q + 132. List the prime factors of q.
5, 7
Suppose -2*l = -4*l. Suppose 4 = -2*b - 2*h - l, 18 = b - 4*h. Suppose 4*r - 3*j = 32, -j + b*j = 0. What are the prime factors of r?
2
Suppose 27 = 5*q - 3. Suppose 0 = 2*h - q, -2*d - 45 = 3*d - 5*h. What are the prime factors of (9/2)/(d/(-16))?
2, 3
Suppose -7*j + 4*j = -57. List the prime factors of j.
19
Suppose 4*g = 3*g. Suppose -5*u = -2*s - 31, -3*u - 3*s + 27 = -g*u. Let n = u + 1. List the prime factors of n.
2
What are the prime factors of 132/(-11)*(-5)/4?
3, 5
Let i(a) = 4*a - 12. Let z be 18/4*(1 + 1). What are the prime factors of i(z)?
2, 3
Suppose -5*p + 8 = -7. Suppose 0 = -4*h + p*z + 3, -4*z - 4 + 0 = -4*h. Let l = 3 - h. List the prime factors of l.
3
Let a = 5 + -7. Let w be (-3*3)/((-2)/a). Let l = 2 - w. What are the prime factors of l?
11
Let a(k) = k**2 + 2*k - 16. List the prime factors of a(-7).
19
Let g = 5 + -3. Suppose q - g*y - 14 = 0, -y = 2*q + y + 2. Suppose q*d - 33 - 11 = 0. List the prime factors of d.
11
Let p(m) be the third derivative of 0*m - 1/12*m**4 - 1/30*m**5 + 0 + 4*m**2 + 1/2*m**3 - 1/120*m**6. What are the prime factors of p(-3)?
2, 3
Let w = -73 + 113. Suppose f - 5*o + o = 21, -4*f + 5*o + w = 0. List the prime factors of f.
5
Suppose n - 212 = -3*n. What are the prime factors of n?
53
What are the prime factors of (-15)/((-1)/4*6)?
2, 5
Let o = -15 - -129. Suppose 2*m - o = 62. Suppose 0 = a + 3*a - m. What are the prime factors of a?
2, 11
Let c(m) = m**3 + 7*m**2 + 4*m + 1. Let n be c(-4). Suppose 0 = 2*x - 3*u + 7 + n, 0 = x - 2*u + 20. Let l = x - -28. What are the prime factors of l?
2
Let i(j) = -55*j + 12. List the prime factors of i(-2).
2, 61
Let a(l) = -l**2 - 10*l + 16. Let c be a(-11). Suppose -c*d + 49 = -136. Suppose -4*k + d = u, 48 = 5*k + 2*u + u. What are the prime factors of k?
3
Let b = 5 + -2. Suppose 0 = -3*g - 12, -3*h - 26 = -5*h + b*g. List the prime factors of h.
7
Let o = -3 + 7. Suppose -p + 2 = -h, -h = -5*p - 2*h + 10. Suppose -p*d = -o - 6. What are the prime factors of d?
5
Let h(r) = r**2 + 11*r - 11. What are the prime factors of h(-13)?
3, 5
Let f be ((-2)/4)/(1/(-2)). Suppose 17 + f = 2*q. Let l = q - -5. What are the prime factors of l?
2, 7
Suppose 0 = -2*j + 4*m + 28, 4*j = -2*m - 12 + 118. Suppose o + o = j. List the prime factors of o.
2, 3
Let p = -27 + 15. Let u be (-3)/p - (-81)/12. Suppose 3*g - u*g = -16. What are the prime factors of g?
2
Suppose 20 = -k + 2*k. Suppose j + k = 2*j. List the prime factors of (1 - 3) + -6 + j.
2, 3
Let k = 21 + -12. Suppose q + k = 4*q. List the prime factors of 1/((q/(-24))/(-1)).
2
Let d(c) = -c**2 - c + 2. Let g be d(2). Let m(s) = -s**3 - 5*s**2 - 4*s + 5. What are the prime factors of m(g)?
5
Let j = 8 + 0. Suppose -3 - 36 = -3*b. Let l = b - j. What are the prime factors of l?
5
List the prime factors of 7/(-2)*(8 + -44).
2, 3, 7
Let q be (-6)/2 - -5 - 0. Suppose q*l - 18 = -l. What are the prime factors of l?
2, 3
Suppose 2 = 3*r - 2*y, -r - 4 = y + 3*y. Let d be -1 - r - 3 - -2. Let w(u) = 3*u**2 - u - 2. List the prime factors of w(d).
2, 3
Let g(l) = -l**3 + 11 - 4*l**2 + l + 6*l**2 + 14*l**2 + 6. List the prime factors of g(16).
3, 11
Let r(x) = x + x**3 - 2*x**2 + 6*x**2 + 1 + 2*x. Let l be r(-2). Suppose 20 = l*f + f. List the prime factors of f.
5
Let q = 237 + -130. List the prime factors of q.
107
Let k = 5 - 2. Suppose k*c + 4*j - 22 = 0, -4*c = c - 2*j - 54. List the prime factors of c.
2, 5
Suppose -2*c + 0*c + 6 = 0. Suppose -c*j + 28 = j. List the prime factors of j.
7
Let i(x) = -2*x - 6. Let d be i(-4). What are the prime factors of d/(-7) - 32/(-14)?
2
Suppose -3*u + 0*u - 122 = -5*h, u = 3*h - 70. List the prime factors of h.
2, 11
Suppose -5 = -3*m + 2*m. Suppose 4*g = -z - z + 58, -m*g - 2*z = -74. What are the prime factors of g?
2
Let t(o) = -4 - 2*o**2 + 7*o - 3*o**2 + 4*o**2. Let q be -1*(0 - 6*1). What are the prime factors of t(q)?
2
Let g = -6 + -6. Let h = 20 + g. List the prime factors of h.
2
Let h = -10 - -5. Let f be (-26)/h - 1/5. Suppose 50 = 5*l + 3*w, -79 = -f*l - 5*w - 19. List the prime factors of l.
7
Let d(a) = -3*a**2 + 10*a - 3. Let g(r) = -5*r**2 + 19*r - 6. Let k(o) = 7*d(o) - 4*g(o). What are the prime factors of k(-6)?
3
Let r = 61 + -37. List the prime factors of r.
2, 3
Let y(j) = 3 + 4*j**3 + 2*j**2 + 2 - 5*j**3 - 8*j**2. Suppose -7*i - 24 = -3*i. List the prime factors of y(i).
5
Suppose 11 = 4*g - t - 30, 0 = -g + 3*t + 2. Let v = g - 7. List the prime factors of v.
2
Let c(z) = 2*z - 8. Let b be c(6). Let o(t) = t - 3. Let g be o(b). What are the prime factors of g/(0 - 2/(-6))?
3
Suppose 2*m + 6*m = 376. What are the prime factors of m?
47
Let c = -17 + 21. List the prime factors of c.
2
Let q = 60 + -15. What are the prime factors of q?
3, 5
Let p(d) = d**2 + 15*d + 65. List the prime factors of p(-6).
11
Suppose -5*s + 11 + 4 = 0. Let m = -1 + 1. Suppose -3*r + 3*u - 3 = m, 2*u - 3 = s. List the prime factors of r.
2
Suppose 0 = -0*j - 4*j + 28. Let y be (6/(-4))/(6/(-20)). Let z = j - y. List the prime factors of z.
2
Suppose 0*c + 5 = 5*c. Let r(q) = -q**3 + 6*q**2 - 7*q + 5. Let a be r(4). List the prime factors of (c + 4)*a/5.
3
Suppose 4*z + 2*k + 1288 = 7*z, -z + 435 = 5*k. What are the prime factors of z?
2, 5, 43
Let r(h) = h**3 + 9*h**2 + h + 3. Let b be r(-9). Let d = b - -8. Suppose 3*m = -d*m + 40. List the prime factors of m.
2
Let q(p) = -p + 62. List the prime factors of q(14).
2, 3
Suppose 2*m - 4 - 6 = 0. Suppose -m*n + 26 = -94. List the prime factors of n.
2, 3
Let g(y) = 3*y + 8. What are the prime factors of g(8)?
2
Suppose -4*t + 0*t + 12 = 4*d, -5*d - 2*t + 18 = 0. Suppose -2*n - 2*n - 6 = 5*u, d*u + 4 = -3*n. Suppose 4*g - u*g - 26 = 0. What are the prime factors of g?
13
Let w(y) = 5*y + 7. Let m be -2*1*3/